
{"id":181,"date":"2016-12-03T14:22:03","date_gmt":"2016-12-03T14:22:03","guid":{"rendered":"http:\/\/www.grupovalrega.com.br\/new\/?page_id=181"},"modified":"2023-12-28T21:18:33","modified_gmt":"2023-12-28T23:18:33","slug":"recantovalrega","status":"publish","type":"page","link":"https:\/\/grupovalrega.com.br\/new\/recantovalrega\/","title":{"rendered":"Recanto Val Rega"},"content":{"rendered":"<div id=\"pl-181\"  class=\"panel-layout\" ><div id=\"pg-181-0\"  class=\"panel-grid panel-has-style\" ><div class=\"siteorigin-panels-stretch panel-row-style panel-row-style-for-181-0\" data-stretch-type=\"full\" ><div id=\"pgc-181-0-0\"  class=\"panel-grid-cell\" ><div id=\"panel-181-0-0-0\" class=\"so-panel widget widget_black-studio-tinymce widget_black_studio_tinymce panel-first-child panel-last-child\" data-index=\"0\" ><div class=\"textwidget\"><\/div><\/div><\/div><\/div><\/div><div id=\"pg-181-1\"  class=\"panel-grid panel-has-style\" ><div class=\"panel-row-style panel-row-style-for-181-1\" ><div id=\"pgc-181-1-0\"  class=\"panel-grid-cell\" ><div id=\"panel-181-1-0-0\" class=\"so-panel widget widget_black-studio-tinymce widget_black_studio_tinymce panel-first-child panel-last-child\" data-index=\"1\" ><div class=\"textwidget\"><p style=\"text-align: center;\"><span class=\"chacara1-titulo\">Recanto Val Rega<\/span><\/p>\n<hr width=100% color=#1b79d6 size=6 align=left>\n<\/div><\/div><\/div><\/div><\/div><div id=\"pg-181-2\"  class=\"panel-grid panel-no-style\" ><div id=\"pgc-181-2-0\"  class=\"panel-grid-cell\" ><div id=\"panel-181-2-0-0\" class=\"so-panel widget widget_black-studio-tinymce widget_black_studio_tinymce panel-first-child panel-last-child\" data-index=\"2\" ><div class=\"textwidget\"><p><img src=\"https:\/\/www.grupovalrega.com.br\/new\/wp-content\/uploads\/2016\/12\/chacara-atibaia-aluguel-temporada-2.jpg\" alt=\"Val Rega\" width=\"1500\" height=\"725\" class=\"alignnone size-full wp-image-330\" \/><\/p>\n<\/div><\/div><\/div><\/div><div id=\"pg-181-3\"  class=\"panel-grid panel-no-style\" ><div id=\"pgc-181-3-0\"  class=\"panel-grid-cell\" ><div id=\"panel-181-3-0-0\" class=\"so-panel widget widget_black-studio-tinymce widget_black_studio_tinymce panel-first-child panel-last-child\" data-index=\"3\" ><div class=\"textwidget\"><p style=\"text-align: center;\"><span class=\"chacara1-intro\">Aqui no Recanto Val Rega voc\u00ea vai encontrar o conforto e a tranquilidade que voc\u00ea procura!<br \/>\nEspa\u00e7os amplos e aconchegantes para toda sua fam\u00edlia.<\/span><\/p>\n<\/div><\/div><\/div><\/div><div id=\"pg-181-4\"  class=\"panel-grid panel-has-style\" ><div class=\"panel-row-style panel-row-style-for-181-4\" ><div id=\"pgc-181-4-0\"  class=\"panel-grid-cell\" ><div id=\"panel-181-4-0-0\" class=\"so-panel widget widget_black-studio-tinymce widget_black_studio_tinymce panel-first-child panel-last-child\" data-index=\"4\" ><div class=\"textwidget\"><p><span class=\"chacara1-descricao\">Piscina com churrasqueira<\/span><\/p>\n<hr width=100% color=#3384d6 size=6 align=left>\n<\/div><\/div><\/div><\/div><\/div><div id=\"pg-181-5\"  class=\"panel-grid panel-no-style\" ><div id=\"pgc-181-5-0\"  class=\"panel-grid-cell\" ><div id=\"panel-181-5-0-0\" class=\"so-panel widget widget_black-studio-tinymce widget_black_studio_tinymce panel-first-child panel-last-child\" data-index=\"5\" ><div class=\"textwidget\"><p><a href=\"https:\/\/www.grupovalrega.com.br\/new\/wp-content\/uploads\/2016\/12\/chacara-atibaia-aluguel-temporada-25.jpg\"><img src=\"https:\/\/www.grupovalrega.com.br\/new\/wp-content\/uploads\/2016\/12\/chacara-atibaia-aluguel-temporada-25.jpg\" alt=\"Fotos 2017 (130)\" width=\"1200\" height=\"800\" class=\"alignnone size-full wp-image-291\" \/><\/a><\/p>\n<\/div><\/div><\/div><div id=\"pgc-181-5-1\"  class=\"panel-grid-cell\" ><div id=\"panel-181-5-1-0\" class=\"so-panel widget widget_black-studio-tinymce widget_black_studio_tinymce panel-first-child panel-last-child\" data-index=\"6\" ><div class=\"textwidget\"><p><a href=\"https:\/\/www.grupovalrega.com.br\/new\/wp-content\/uploads\/2016\/12\/chacara-atibaia-aluguel-temporada-31.jpg\"><img src=\"https:\/\/www.grupovalrega.com.br\/new\/wp-content\/uploads\/2016\/12\/chacara-atibaia-aluguel-temporada-31.jpg\" alt=\"Fotos 2017 (48)\" width=\"1200\" height=\"800\" class=\"alignnone size-full wp-image-281\" \/><\/a><\/p>\n<\/div><\/div><\/div><\/div><div id=\"pg-181-6\"  class=\"panel-grid panel-has-style\" ><div class=\"panel-row-style panel-row-style-for-181-6\" ><div id=\"pgc-181-6-0\"  class=\"panel-grid-cell\" ><div id=\"panel-181-6-0-0\" class=\"so-panel widget widget_black-studio-tinymce widget_black_studio_tinymce panel-first-child panel-last-child\" data-index=\"7\" ><div class=\"textwidget\"><p><span class=\"chacara1-descricao\">Paz, tranquilidade e conforto cercados pela natureza<\/span><\/p>\n<hr width=100% color=#3384d6 size=6 align=left>\n<\/div><\/div><\/div><\/div><\/div><div id=\"pg-181-7\"  class=\"panel-grid panel-no-style\" ><div id=\"pgc-181-7-0\"  class=\"panel-grid-cell\" ><div id=\"panel-181-7-0-0\" class=\"so-panel widget widget_black-studio-tinymce widget_black_studio_tinymce panel-first-child panel-last-child\" data-index=\"8\" ><div class=\"textwidget\"><p><a href=\"https:\/\/www.grupovalrega.com.br\/new\/wp-content\/uploads\/2016\/12\/chacara-atibaia-aluguel-temporada-34.jpg\"><img src=\"https:\/\/www.grupovalrega.com.br\/new\/wp-content\/uploads\/2016\/12\/chacara-atibaia-aluguel-temporada-34.jpg\" alt=\"Fotos 2017 (10)\" width=\"1200\" height=\"800\" class=\"alignnone size-full wp-image-276\" \/><\/a><\/p>\n<\/div><\/div><\/div><div id=\"pgc-181-7-1\"  class=\"panel-grid-cell\" ><div id=\"panel-181-7-1-0\" class=\"so-panel widget widget_black-studio-tinymce widget_black_studio_tinymce panel-first-child panel-last-child\" data-index=\"9\" ><div class=\"textwidget\"><p><a href=\"https:\/\/www.grupovalrega.com.br\/new\/wp-content\/uploads\/2016\/11\/chacara-atibaia-aluguel-temporada-60.jpg\"><img src=\"https:\/\/www.grupovalrega.com.br\/new\/wp-content\/uploads\/2016\/11\/chacara-atibaia-aluguel-temporada-60.jpg\" alt=\"fotos-chacara-1-4\" width=\"1920\" height=\"1280\" class=\"alignnone size-full wp-image-107\" \/><\/a><\/p>\n<\/div><\/div><\/div><\/div><div id=\"pg-181-8\"  class=\"panel-grid panel-has-style\" ><div class=\"panel-row-style panel-row-style-for-181-8\" ><div id=\"pgc-181-8-0\"  class=\"panel-grid-cell\" ><div id=\"panel-181-8-0-0\" class=\"so-panel widget widget_black-studio-tinymce widget_black_studio_tinymce panel-first-child panel-last-child\" data-index=\"10\" ><div class=\"textwidget\"><p><span class=\"chacara1-descricao\">Campo de Futebol e muito espa\u00e7o para toda a fam\u00edlia!<\/span><\/p>\n<hr width=100% color=#3384d6 size=6 align=left>\n<\/div><\/div><\/div><\/div><\/div><div id=\"pg-181-9\"  class=\"panel-grid panel-no-style\" ><div id=\"pgc-181-9-0\"  class=\"panel-grid-cell\" ><div id=\"panel-181-9-0-0\" class=\"so-panel widget widget_black-studio-tinymce widget_black_studio_tinymce panel-first-child panel-last-child\" data-index=\"11\" ><div class=\"textwidget\"><p><a href=\"https:\/\/www.grupovalrega.com.br\/new\/wp-content\/uploads\/2016\/12\/chacara-atibaia-aluguel-temporada-30.jpg\"><img src=\"https:\/\/www.grupovalrega.com.br\/new\/wp-content\/uploads\/2016\/12\/chacara-atibaia-aluguel-temporada-30.jpg\" alt=\"Fotos 2017 (84)\" width=\"1200\" height=\"800\" class=\"alignnone size-full wp-image-284\" \/><\/a><\/p>\n<\/div><\/div><\/div><div id=\"pgc-181-9-1\"  class=\"panel-grid-cell\" ><div id=\"panel-181-9-1-0\" class=\"so-panel widget widget_black-studio-tinymce widget_black_studio_tinymce panel-first-child panel-last-child\" data-index=\"12\" ><div class=\"textwidget\"><p><a href=\"https:\/\/www.grupovalrega.com.br\/new\/wp-content\/uploads\/2016\/12\/chacara-atibaia-aluguel-temporada-29.jpg\"><img src=\"https:\/\/www.grupovalrega.com.br\/new\/wp-content\/uploads\/2016\/12\/chacara-atibaia-aluguel-temporada-29.jpg\" alt=\"Fotos 2017 (55)\" width=\"1200\" height=\"800\" class=\"alignnone size-full wp-image-285\" \/><\/a><\/p>\n<\/div><\/div><\/div><\/div><div id=\"pg-181-10\"  class=\"panel-grid panel-has-style\" ><div class=\"panel-row-style panel-row-style-for-181-10\" ><div id=\"pgc-181-10-0\"  class=\"panel-grid-cell\" ><div id=\"panel-181-10-0-0\" class=\"so-panel widget widget_black-studio-tinymce widget_black_studio_tinymce panel-first-child panel-last-child\" data-index=\"13\" ><div class=\"textwidget\"><p><span class=\"chacara1-descricao\">Mezanino com sal\u00e3o de jogos<\/span><\/p>\n<hr width=100% color=#3384d6 size=6 align=left>\n<\/div><\/div><\/div><\/div><\/div><div id=\"pg-181-11\"  class=\"panel-grid panel-no-style\" ><div id=\"pgc-181-11-0\"  class=\"panel-grid-cell\" ><div id=\"panel-181-11-0-0\" class=\"so-panel widget widget_black-studio-tinymce widget_black_studio_tinymce panel-first-child panel-last-child\" data-index=\"14\" ><div class=\"textwidget\"><p><a href=\"https:\/\/www.grupovalrega.com.br\/new\/wp-content\/uploads\/2016\/12\/chacara-atibaia-aluguel-temporada-33.jpg\"><img src=\"https:\/\/www.grupovalrega.com.br\/new\/wp-content\/uploads\/2016\/12\/chacara-atibaia-aluguel-temporada-33.jpg\" alt=\"Fotos 2017 (15)\" width=\"1200\" height=\"800\" class=\"alignnone size-full wp-image-278\" \/><\/a><\/p>\n<\/div><\/div><\/div><div id=\"pgc-181-11-1\"  class=\"panel-grid-cell\" ><div id=\"panel-181-11-1-0\" class=\"so-panel widget widget_black-studio-tinymce widget_black_studio_tinymce panel-first-child panel-last-child\" data-index=\"15\" ><div class=\"textwidget\"><p><a href=\"https:\/\/www.grupovalrega.com.br\/new\/wp-content\/uploads\/2016\/12\/chacara-atibaia-aluguel-temporada-32.jpg\"><img src=\"https:\/\/www.grupovalrega.com.br\/new\/wp-content\/uploads\/2016\/12\/chacara-atibaia-aluguel-temporada-32.jpg\" alt=\"Fotos 2017 (142)\" width=\"1200\" height=\"800\" class=\"alignnone size-full wp-image-279\" \/><\/a><\/p>\n<\/div><\/div><\/div><\/div><div id=\"pg-181-12\"  class=\"panel-grid panel-has-style\" ><div class=\"panel-row-style panel-row-style-for-181-12\" ><div id=\"pgc-181-12-0\"  class=\"panel-grid-cell\" ><div id=\"panel-181-12-0-0\" class=\"so-panel widget widget_black-studio-tinymce widget_black_studio_tinymce panel-first-child panel-last-child\" data-index=\"16\" ><div class=\"textwidget\"><p><span class=\"chacara1-descricao\">Ambientes R\u00fasticos e Espa\u00e7osos<\/span><\/p>\n<hr width=100% color=#3384d6 size=6 align=left>\n<a href=\"https:\/\/www.grupovalrega.com.br\/new\/wp-content\/uploads\/2016\/11\/chacara-atibaia-aluguel-temporada-53.jpg\"><img src=\"https:\/\/www.grupovalrega.com.br\/new\/wp-content\/uploads\/2016\/11\/chacara-atibaia-aluguel-temporada-53.jpg\" alt=\"fotos-chacara-1-11\" width=\"1920\" height=\"1280\" class=\"alignnone size-full wp-image-114\" \/><\/a><\/p>\n<\/div><\/div><\/div><div id=\"pgc-181-12-1\"  class=\"panel-grid-cell\" ><div id=\"panel-181-12-1-0\" class=\"so-panel widget widget_black-studio-tinymce widget_black_studio_tinymce panel-first-child panel-last-child\" data-index=\"17\" ><div class=\"textwidget\"><p><span class=\"chacara1-descricao\">6 quartos, sendo 3 su\u00edtes<\/span><\/p>\n<hr width=100% color=#3384d6 size=6 align=left>\n<a href=\"https:\/\/www.grupovalrega.com.br\/new\/wp-content\/uploads\/2016\/12\/chacara-atibaia-aluguel-temporada-28.jpg\"><img src=\"https:\/\/www.grupovalrega.com.br\/new\/wp-content\/uploads\/2016\/12\/chacara-atibaia-aluguel-temporada-28.jpg\" alt=\"Fotos 2017 (99)\" width=\"1200\" height=\"800\" class=\"alignnone size-full wp-image-287\" \/><\/a><\/p>\n<\/div><\/div><\/div><\/div><\/div><div id=\"pg-181-13\"  class=\"panel-grid panel-no-style\" ><div id=\"pgc-181-13-0\"  class=\"panel-grid-cell\" ><div id=\"panel-181-13-0-0\" class=\"so-panel widget widget_black-studio-tinymce widget_black_studio_tinymce panel-first-child panel-last-child\" data-index=\"18\" ><div class=\"textwidget\"><p><a href=\"https:\/\/www.grupovalrega.com.br\/new\/wp-content\/uploads\/2016\/12\/chacara-atibaia-aluguel-temporada-26.jpg\"><img src=\"https:\/\/www.grupovalrega.com.br\/new\/wp-content\/uploads\/2016\/12\/chacara-atibaia-aluguel-temporada-26.jpg\" alt=\"Fotos 2017 (114)\" width=\"1200\" height=\"800\" class=\"alignnone size-full wp-image-289\" \/><\/a><\/p>\n<\/div><\/div><\/div><div id=\"pgc-181-13-1\"  class=\"panel-grid-cell\" ><div id=\"panel-181-13-1-0\" class=\"so-panel widget widget_black-studio-tinymce widget_black_studio_tinymce panel-first-child panel-last-child\" data-index=\"19\" ><div class=\"textwidget\"><p><a href=\"https:\/\/www.grupovalrega.com.br\/new\/wp-content\/uploads\/2016\/12\/chacara-atibaia-aluguel-temporada-27.jpg\"><img src=\"https:\/\/www.grupovalrega.com.br\/new\/wp-content\/uploads\/2016\/12\/chacara-atibaia-aluguel-temporada-27.jpg\" alt=\"Fotos 2017 (112)\" width=\"1200\" height=\"800\" class=\"alignnone size-full wp-image-288\" \/><\/a><\/p>\n<\/div><\/div><\/div><\/div><div id=\"pg-181-14\"  class=\"panel-grid panel-has-style\" ><div class=\"panel-row-style panel-row-style-for-181-14\" ><div id=\"pgc-181-14-0\"  class=\"panel-grid-cell\" ><div id=\"panel-181-14-0-0\" class=\"so-panel widget widget_black-studio-tinymce widget_black_studio_tinymce panel-first-child panel-last-child\" data-index=\"20\" ><div class=\"textwidget\"><p><span class=\"chacara1-descricao\">Cozinha espa\u00e7osa com 2 geladeiras, micro-ondas, fog\u00e3o e utens\u00edlios<\/span><\/p>\n<hr width=100% color=#3384d6 size=6 align=left>\n<\/div><\/div><\/div><\/div><\/div><div id=\"pg-181-15\"  class=\"panel-grid panel-no-style\" ><div id=\"pgc-181-15-0\"  class=\"panel-grid-cell\" ><div id=\"panel-181-15-0-0\" class=\"so-panel widget widget_black-studio-tinymce widget_black_studio_tinymce panel-first-child panel-last-child\" data-index=\"21\" ><div class=\"textwidget\"><p><a href=\"https:\/\/www.grupovalrega.com.br\/new\/wp-content\/uploads\/2016\/12\/chacara-atibaia-aluguel-temporada-36.jpg\"><img src=\"https:\/\/www.grupovalrega.com.br\/new\/wp-content\/uploads\/2016\/12\/chacara-atibaia-aluguel-temporada-36.jpg\" alt=\"Cozinha\" width=\"1200\" height=\"800\" class=\"alignnone size-full wp-image-273\" \/><\/a><\/p>\n<\/div><\/div><\/div><div id=\"pgc-181-15-1\"  class=\"panel-grid-cell\" ><div id=\"panel-181-15-1-0\" class=\"so-panel widget widget_black-studio-tinymce widget_black_studio_tinymce panel-first-child panel-last-child\" data-index=\"22\" ><div class=\"textwidget\"><p><a href=\"https:\/\/www.grupovalrega.com.br\/new\/wp-content\/uploads\/2016\/12\/chacara-atibaia-aluguel-temporada-35.jpg\"><img src=\"https:\/\/www.grupovalrega.com.br\/new\/wp-content\/uploads\/2016\/12\/chacara-atibaia-aluguel-temporada-35.jpg\" alt=\"Cozinha\" width=\"1200\" height=\"800\" class=\"alignnone size-full wp-image-274\" \/><\/a><\/p>\n<\/div><\/div><\/div><\/div><div id=\"pg-181-16\"  class=\"panel-grid panel-has-style\" ><div class=\"panel-row-style panel-row-style-for-181-16\" ><div id=\"pgc-181-16-0\"  class=\"panel-grid-cell\" ><div id=\"panel-181-16-0-0\" class=\"so-panel widget widget_black-studio-tinymce widget_black_studio_tinymce panel-first-child panel-last-child\" data-index=\"23\" ><div class=\"textwidget\"><p><span class=\"chacara1-descricao\">Localiza\u00e7\u00e3o<\/span><\/p>\n<hr width=100% color=#3384d6 size=6 align=left>\n<\/div><\/div><\/div><\/div><\/div><div id=\"pg-181-17\"  class=\"panel-grid panel-no-style\" ><div id=\"pgc-181-17-0\"  class=\"panel-grid-cell\" ><div id=\"panel-181-17-0-0\" class=\"so-panel widget widget_black-studio-tinymce widget_black_studio_tinymce panel-first-child panel-last-child\" data-index=\"24\" ><div class=\"textwidget\"><p><img src=\"https:\/\/www.grupovalrega.com.br\/new\/wp-content\/uploads\/2016\/12\/MAPA-Recanto-Val-Rega.jpg\" alt=\"\" width=\"700\" height=\"440\" class=\"alignnone size-full wp-image-253\" \/><\/p>\n<\/div><\/div><\/div><div id=\"pgc-181-17-1\"  class=\"panel-grid-cell\" ><div id=\"panel-181-17-1-0\" class=\"so-panel widget widget_black-studio-tinymce widget_black_studio_tinymce panel-first-child panel-last-child\" data-index=\"25\" ><div class=\"textwidget\"><p>A ch\u00e1cara Recanto Val Rega<br \/>\nest\u00e1 localizada na<br \/>\nAv. Brasil N\u00ba 1851<br \/>\nBairro: Jardim Brasil<\/p>\n<p>Atibaia\/SP<br \/>\nPr\u00f3ximo ao Frango Assado<\/p>\n<\/div><\/div><\/div><\/div><div id=\"pg-181-18\"  class=\"panel-grid panel-no-style\" ><div id=\"pgc-181-18-0\"  class=\"panel-grid-cell\" ><div id=\"panel-181-18-0-0\" class=\"so-panel widget widget_black-studio-tinymce widget_black_studio_tinymce panel-first-child panel-last-child\" data-index=\"26\" ><div class=\"textwidget\"><p><span class=\"\" style=\"display:block;clear:both;height: 0px;padding-top: 5px;border-top-width:0px;border-bottom-width:0px;\"><\/span><\/p>\n<\/div><\/div><\/div><\/div><div id=\"pg-181-19\"  class=\"panel-grid panel-no-style\" ><div id=\"pgc-181-19-0\"  class=\"panel-grid-cell\" ><div id=\"panel-181-19-0-0\" class=\"so-panel widget widget_black-studio-tinymce widget_black_studio_tinymce panel-first-child panel-last-child\" data-index=\"27\" ><div class=\"textwidget\"><p style=\"text-align: center;\"><span class=\"chacara1-intro\">Conhe\u00e7a tamb\u00e9m nossas outras unidades:<\/span><\/p>\n<\/div><\/div><\/div><\/div><div id=\"pg-181-20\"  class=\"panel-grid panel-no-style\" ><div id=\"pgc-181-20-0\"  class=\"panel-grid-cell\" ><div id=\"panel-181-20-0-0\" class=\"so-panel widget widget_black-studio-tinymce widget_black_studio_tinymce panel-first-child panel-last-child\" data-index=\"28\" ><div class=\"textwidget\"><p style=\"text-align: center;\"><span class=\"chacara1-intro\">Unidade 2: Recanto Pedra Grande<\/span><br \/>\n<a href=\"https:\/\/www.grupovalrega.com.br\/new\/recantopedragrande\"><img src=\"https:\/\/www.grupovalrega.com.br\/new\/wp-content\/uploads\/2016\/12\/chacara-atibaia-aluguel-temporada-01.jpg\" alt=\"Imagem Chacar\u00e1 2\" width=\"475\" height=\"297\" class=\"alignnone size-full wp-image-332\" \/><\/a><\/p>\n<\/div><\/div><\/div><div id=\"pgc-181-20-1\"  class=\"panel-grid-cell\" ><div id=\"panel-181-20-1-0\" class=\"so-panel widget widget_black-studio-tinymce widget_black_studio_tinymce panel-first-child panel-last-child\" data-index=\"29\" ><div class=\"textwidget\"><p style=\"text-align: center;\"><span class=\"chacara1-intro\">Unidade 3: Recanto Pedra Grande<\/span><br \/>\n<a href=\"https:\/\/www.grupovalrega.com.br\/new\/casa-na-praia\/\"><img src=\"https:\/\/grupovalrega.com.br\/new\/wp-content\/uploads\/2023\/12\/botao-casa-na-praia.jpg\" alt=\"\" width=\"475\" height=\"297\" class=\"alignnone size-full wp-image-548\" \/><\/a><\/p>\n<\/div><\/div><\/div><\/div><div id=\"pg-181-21\"  class=\"panel-grid panel-has-style\" ><div class=\"siteorigin-panels-stretch panel-row-style panel-row-style-for-181-21\" data-stretch-type=\"full\" ><div id=\"pgc-181-21-0\"  class=\"panel-grid-cell\" ><div id=\"panel-181-21-0-0\" class=\"so-panel widget widget_black-studio-tinymce widget_black_studio_tinymce panel-first-child panel-last-child\" data-index=\"30\" ><div class=\"textwidget\"><p><span class=\"\" style=\"display:block;clear:both;height: 0px;padding-top: 5px;border-top-width:0px;border-bottom-width:0px;\"><\/span><\/p>\n<\/div><\/div><\/div><\/div><\/div><div id=\"pg-181-22\"  class=\"panel-grid panel-has-style\" ><div class=\"siteorigin-panels-stretch panel-row-style panel-row-style-for-181-22\" data-stretch-type=\"full\" ><div id=\"pgc-181-22-0\"  class=\"panel-grid-cell\" ><div id=\"panel-181-22-0-0\" class=\"so-panel widget widget_black-studio-tinymce widget_black_studio_tinymce panel-first-child panel-last-child\" data-index=\"31\" ><div class=\"panel-widget-style panel-widget-style-for-181-22-0-0\" ><div class=\"textwidget\"><p><span class=\"\" style=\"display:block;clear:both;height: 0px;padding-top: 15px;border-top-width:0px;border-bottom-width:0px;\"><\/span><\/p>\n<\/div><\/div><\/div><\/div><\/div><\/div><\/div>","protected":false},"excerpt":{"rendered":"<p>Recanto Val Rega<\/p>\n","protected":false},"author":1,"featured_media":0,"parent":0,"menu_order":0,"comment_status":"closed","ping_status":"closed","template":"full-width-page.php","meta":{"footnotes":""},"_links":{"self":[{"href":"https:\/\/grupovalrega.com.br\/new\/wp-json\/wp\/v2\/pages\/181"}],"collection":[{"href":"https:\/\/grupovalrega.com.br\/new\/wp-json\/wp\/v2\/pages"}],"about":[{"href":"https:\/\/grupovalrega.com.br\/new\/wp-json\/wp\/v2\/types\/page"}],"author":[{"embeddable":true,"href":"https:\/\/grupovalrega.com.br\/new\/wp-json\/wp\/v2\/users\/1"}],"replies":[{"embeddable":true,"href":"https:\/\/grupovalrega.com.br\/new\/wp-json\/wp\/v2\/comments?post=181"}],"version-history":[{"count":40,"href":"https:\/\/grupovalrega.com.br\/new\/wp-json\/wp\/v2\/pages\/181\/revisions"}],"predecessor-version":[{"id":617,"href":"https:\/\/grupovalrega.com.br\/new\/wp-json\/wp\/v2\/pages\/181\/revisions\/617"}],"wp:attachment":[{"href":"https:\/\/grupovalrega.com.br\/new\/wp-json\/wp\/v2\/media?parent=181"}],"curies":[{"name":"wp","href":"https:\/\/api.w.org\/{rel}","templated":true}]}}